4*c = 3*y + 85. Suppose 3*z - 4*z = -c. What is the highest common divisor of z and 170?
17
Suppose -11 + 51 = 2*j. Calculate the highest common divisor of j and 160.
20
Suppose -4*o + d = -8, -d + 6 = 3*o + 2*d. Let q be (-6)/(-21) - (-36)/21. Let y = 0 + q. What is the highest common factor of y and o?
2
Suppose 5*w - 16 = -l, -3*w = 2*l - w - 24. What is the highest common factor of l and 99?
11
Suppose -w + 3*w - 94 = 4*s, 3*w - 134 = -s. Calculate the highest common divisor of w and 30.
15
Suppose 2*s - 18 = 5*u + 9, 2*s - u - 47 = 0. Calculate the highest common divisor of s and 13.
13
Let c be (0 - (-4)/(-2))/(-1). Let x = -17 + 19. Suppose 11 - 3 = x*s. Calculate the highest common divisor of s and c.
2
Let g = 248 - 136. Let p = g - 77. What is the greatest common factor of 7 and p?
7
Suppose 5*k - 354 = -3*a, -210 = -0*k - 3*k - a. Let v = -20 + k. What is the greatest common divisor of v and 7?
7
Suppose 5*o = 148 + 97. Suppose -4*q - 5 = a - 0*q, 6 = -3*q. Suppose u - 4 - a = 0. What is the highest common factor of u and o?
7
Let l = -59 + 71. What is the highest common factor of l and 24?
12
Suppose -2*u - 5*k = -u - 35, -3*u - 2*k + 40 = 0. Calculate the highest common divisor of 110 and u.
10
Let w(i) = 2*i - 2. Let x be w(2). Let f be 3/12*2*x. Suppose -p - 4*v - f = -26, 2*v = 5*p - 37. What is the greatest common divisor of p and 1?
1
Let r = 210 - 75. What is the greatest common factor of r and 15?
15
Suppose -j = -4 + 1. Suppose 0 = -5*x + 4*x - j*w + 17, 0 = 4*x + 4*w - 92. Let n = 78 - 39. What is the highest common factor of x and n?
13
Suppose 2*g + 5*n - 24 = 0, -g - 4*n + 20 = g. Let x = g + 14. What is the highest common factor of 8 and x?
8
Let o be 15/25 + 192/5. Let t = -19 - -32. Calculate the greatest common factor of t and o.
13
Suppose -102 = -5*v - 3*o - 5, o - 89 = -5*v. Calculate the highest common factor of 272 and v.
17
Suppose -a = -3*n + 4*n - 6, -2*a = 5*n. Let v be (21/6 + -3)*4. What is the highest common divisor of a and v?
2
Let c(y) = -y**3 + 15*y**2 - 17*y - 7. Let l be c(13). Calculate the highest common factor of l and 10.
10
Let g = 93 + -65. Calculate the highest common factor of g and 70.
14
Let v be 2/6 - (-461)/3. Suppose -2*m = -4*m + v. Let b = -13 + 24. Calculate the highest common divisor of m and b.
11
Suppose -h = 4*a - 63, 9 = 5*a - 2*a. Calculate the highest common divisor of 34 and h.
17
Let r be (-67)/(-5) - (-2)/(-5). Let x(z) = 2*z**2 + 2*z + 12. Let k be x(4). What is the greatest common factor of k and r?
13
Let q = -39 - -79. Calculate the greatest common factor of 440 and q.
40
Suppose -g = -2*g - 5*q + 51, 2 = q. Let u = 62 - g. Let v = 20 - 13. Calculate the highest common factor of v and u.
7
Suppose f = -f + 4. Let i be 68/20 + f/(-5). Suppose 3*g = -g + i*n + 51, 4*g + n = 31. Calculate the greatest common divisor of g and 18.
9
Let f(k) = -2*k**2 + 5*k + 11. Let l be f(5). Let z be (-2)/(-12)*l*-6. What is the greatest common divisor of 2 and z?
2
Let o(p) = -p**3 + 7*p**2 - p + 6. Suppose -10 = -3*u + 11. Let x be o(u). Let j be (7*x)/((-3)/33). What is the greatest common divisor of j and 7?
7
Suppose 416 = 2*w - 0*o + 2*o, 10 = -5*o. Calculate the greatest common divisor of w and 30.
30
Let m(t) = -t**2 + 15*t + 12. Let u be m(15). What is the greatest common divisor of u and 132?
12
Let t be (-72)/(-2) - (0 - 0). Calculate the highest common factor of t and 9.
9
Let i = 42 - 27. Calculate the highest common divisor of i and 60.
15
Let s be 2 + (-2)/2 + 143. What is the highest common divisor of s and 36?
36
Suppose -3*j - 2 - 28 = 0. Let p = j + 20. Let z(l) = l**2 - 9*l - 12. Let y be z(11). Calculate the greatest common divisor of y and p.
10
Let u be ((-360)/54)/((-2)/12). Let m = 27 - 17. What is the highest common factor of m and u?
10
Suppose x - 2*h - 12 = -x, 3*x = -3*h. What is the highest common divisor of 24 and x?
3
Let m be ((-8)/(-10))/((-2)/(-150)). Calculate the highest common factor of m and 24.
12
Let l(g) = 4*g - 8. Let p(b) = -b**3 + 2*b + 2. Let j be p(-2). Let o be l(j). Let d be 8/(-36) + 724/18. Calculate the highest common factor of d and o.
8
Let c = 70 + -61. What is the highest common factor of 36 and c?
9
Suppose 5*f - 75 = -b - 15, 0 = 3*b. Calculate the greatest common factor of f and 40.
4
Let u(p) = -35*p**3 + 2*p**2 - 2. Let q be u(-1). What is the highest common divisor of 15 and q?
5
Suppose 15 = 5*d - 3*j, 3 = -0*d + d - 5*j. What is the greatest common divisor of d and 21?
3
Let k be (-3 + (-20)/(-8))*-6. Suppose -4*r + 254 = 2*n, k*r - 2*n - 3*n = 184. What is the greatest common divisor of 9 and r?
9
Suppose 3*r + 12 = -5*o, -5*o = -2*r - 3*o + 8. What is the highest common factor of 13 and r?
1
Let x be (-1 - 358/(-14)) + 6/14. Calculate the greatest common divisor of x and 175.
25
Let x = 23 - 21. What is the highest common factor of x and 2?
2
Let o be 572/12*3*1. What is the highest common divisor of 13 and o?
13
Let r = -3 - 9. Let y = 10 + r. Let x = y + 11. What is the highest common factor of x and 90?
9
Suppose p + 38 = 2*l, 5*l - 121 = -3*p - p. Let k be 1224/l + (-4)/14. Suppose 4*x - k - 6 = 0. What is the highest common divisor of 4 and x?
4
Let b be 2/((-23)/24 - -1). Let l be (-888)/(-9) - (-6)/(-9). Let n = l - b. What is the greatest common divisor of 10 and n?
10
Suppose -3*p = -3*r - 27, -4*p - r + 57 = p. Calculate the highest common divisor of 22 and p.
11
Let f be (14 + -2)*2 + -1. Suppose -4*x + 336 = -2*b, -342 = -5*x - b + 85. Let m = 30 + x. Calculate the highest common factor of m and f.
23
Suppose p + 4*p = 0, -5*c + p + 90 = 0. What is the greatest common factor of 3 and c?
3
Let l be 18/(-6) + (0 - -3). Let p be 2 + -1 + l + 21. What is the greatest common factor of 110 and p?
22
Suppose 0 = -3*u + 7 + 98. Suppose -30 = -4*y - b, y + 5*b - 17 = -0*y. Calculate the greatest common factor of y and u.
7
Let x be (12/(-10))/(6/(-20)). Suppose 0*l - x*l = 5*w - 29, -10 = -2*w. Let f be -2*(-4)/(-24)*-6. What is the greatest common divisor of l and f?
1
Let r be 2/(-6) + (-2)/(-6). Let a(i) = -i**3 - 2*i + 5. Let q be a(0). Suppose -t - t = r, -q*s + 2*t + 105 = 0. What is the greatest common factor of 3 and s?
3
Let h = 0 - 2. Let g be ((-3)/h)/(6/440). Calculate the greatest common divisor of g and 10.
10
Let z be (-4)/(2 - (-5)/(-2)). Let o = z - -11. Calculate the highest common divisor of 209 and o.
19
Suppose 2*p = -5*x + 35, 14 = 2*x + 5*p - p. Let l(d) = d - 6. Let z be l(7). Calculate the highest common factor of x and z.
1
Let f be (5 + 3)/((-4)/(-10)). Suppose -k = s - 3*k + 18, -k - 12 = s. Let u = 86 - s. What is the highest common divisor of u and f?
20
Let t be (12 - -4) + (1 - -1). Let u be (-4)/t + (-580)/(-18). Let q be -7*(u/(-14) + 2). What is the greatest common divisor of 22 and q?
2
Let n be (-1 + 0 + -1)/(-1). Let a = -1 + 5. Suppose 3*p - a*m - 45 = -7*m, 0 = -p + 5*m + 33. What is the highest common factor of n and p?
2
Suppose -2*b - b + 6 = 0. Let n be (-1)/(-2*b/36). Suppose -5*w = -6*w + n. Calculate the greatest common factor of 81 and w.
9
Suppose -4*n - 50 + 238 = 0. Suppose i - 7 = n. Let w(r) = -r**2 - 4*r + 3. Let m be w(-3). What is the highest common factor of i and m?
6
Let v be (-2)/4 - (-1155)/10. Suppose 0 = -2*l + 95 + v. Calculate the highest common factor of 15 and l.
15
Let u be 14*2/(-4)*-1. What is the highest common divisor of u and 21?
7
Suppose 25 = 5*o, -x - 2*o = -46 - 36. Calculate the highest common factor of 24 and x.
24
Suppose -c + 1 = -9. Let n be 230/25 + (-2)/c. Calculate the greatest common factor of 18 and n.
9
Let m = 36 + -9. What is the greatest common divisor of m and 18?
9
Let c be (-1)/(2 - 63/30). Let q be (4 - 2)/((-6)/(-15)). What is the highest common factor of q and c?
5
Suppose -6*i + i + 200 = 0. Suppose 0 = 3*r + 5*o + i, 9 = 3*r + 3*o + 39. Let t = r - -8. What is the greatest common factor of t and 15?
3
Suppose -8*y + 36 = -5*y. Calculate the highest common divisor of y and 132.
12
Let n(x) = -x + 10. Let j be n(7). Suppose 2*z = -j*z. Suppose z = -4*s - 0 + 36. Calculate the greatest common divisor of s and 45.
9
Suppose -5*z = -3*n - 263, -444 + 161 = -5*z - 2*n. Calculate the greatest common factor of z and 44.
11
